 2*c**3/3 + 3*c**2/2 + 3*c - 153. Suppose 7*s - 2*s = -15. What are the prime factors of x(s)?
3, 19
Suppose -15 = 3*y, 6*y - y - 5 = -3*c. What are the prime factors of (5140/(-25))/(c/(-25))?
2, 257
Let d(j) = -j**2 - 11*j + 108. Let k be d(6). Suppose 0 = -k*f + 2311 + 1127. What are the prime factors of f?
3, 191
Suppose 21*q - 171 = -66. List the prime factors of q - ((-13)/26 - 1330/4).
2, 13
Let h = 12745 + 14529. What are the prime factors of h?
2, 13, 1049
Let y = -23 + 23. Let p be y + (-1 - -2)/((-8)/(-32)). Suppose q + 235 = 2*o - 0*o, 0 = -4*o + p*q + 472. List the prime factors of o.
3, 13
Let k(z) = 4 + 4*z + z**2 + 3 - 23*z**3 + 2*z**2. Suppose -157*w + 30 - 220 = -62*w. What are the prime factors of k(w)?
3, 5, 13
Let l be (-4)/26 + (-48)/26. Let h be -3*(l - 2)/(-4). List the prime factors of 64 + h*6/(-9).
2, 3, 11
Suppose 8*p - 6844 - 1036 = 0. Suppose -2*k - o = -p, 0*o + 989 = 2*k - 3*o. List the prime factors of k.
17, 29
Let w = -585 + 589. Suppose 0 = b - 2*s - 127, s - 488 = -w*b + 4*s. List the prime factors of b.
7, 17
Suppose 5*k + 2*z = 4*z + 411, -5*k + 413 = -z. What are the prime factors of 5*(k + 12/3)?
3, 5, 29
Suppose 4*j - 3*p = -14251 + 66793, -2*j + 26264 = -5*p. List the prime factors of j.
3, 29, 151
Let k(i) = -33*i + 110. Let z be k(-27). Suppose 9*b + z = 7031. What are the prime factors of b?
2, 5, 67
Let t = -525 + 1518. Suppose -9*g + 4197 = t. List the prime factors of g.
2, 89
Let u = -416 + 452. Suppose 0 = u*b - 30*b - 4710. What are the prime factors of b?
5, 157
Suppose -l - 5 - 10 = -5*p, 4*p + 5*l + 17 = 0. Suppose 50*n + 143 - 175 = 168. Suppose -3*u + 289 = n*x - p*x, 4*x + 73 = u. List the prime factors of u.
3, 31
Let w(x) = -112*x + 8*x**2 + 0 + 105*x - 12 + 25*x**2. What are the prime factors of w(4)?
2, 61
Let x = -31594 - -54055. What are the prime factors of x?
3, 7487
Suppose -r - 4*k + 372 = 0, -10*k + 5*k = 4*r - 1477. Let l = -248 + r. List the prime factors of l.
2, 3, 5
Let j be (21/63)/((-1)/(-9)). Suppose c - 25 = 5*u, j*u + 6 = -9. Suppose -3*r = 3*g - 612, -2*r + 0*r - g + 407 = c. List the prime factors of r.
7, 29
Suppose 2*k + 116 = 4*k. Let j = 58 - k. Suppose -12*h - 27 + 2655 = j. List the prime factors of h.
3, 73
Let k(f) = 20*f**3 - 2*f - 5. Let r be k(2). Suppose 0 = -146*n + r*n - 455. What are the prime factors of n?
7, 13
Let l(b) = -2*b**3 + 22*b**2 + b - 1. Let y be l(11). Suppose 0 = -j + 4*j + 3*x - 7812, 3*j - 4*x = 7791. Suppose -y*u + j = -u. List the prime factors of u.
17
Let m(b) = 345*b**3 - b**2 + 1. Let a(r) = 345*r**3 - r**2 + 1. Let c(q) = 5*a(q) - 4*m(q). List the prime factors of c(1).
3, 5, 23
Let j(k) = 62 - k - 52 - k**2 - 4*k. Let v be j(-7). What are the prime factors of 8/(-12)*-35 - v/6?
2, 3
Let s = -842 - -786. Let c = 11 + -3. What are the prime factors of c/((-16)/(-6)) - s?
59
Suppose 883*p - 868*p = 94890. List the prime factors of p.
2, 3163
Let h(c) = -c**3 - 6*c**2 + c + 5. Let x be h(-6). What are the prime factors of (-8)/(16/13)*(-81 + x)?
13, 41
Let k(y) = -y**2 + 10*y - 7. Let g be k(9). Suppose 2*a + 5*i = 3 + 3, 3*i + g = -4*a. List the prime factors of 170/(-4)*(a + 0).
5, 17
Let w = -39 - -57. List the prime factors of (4 - (w + -9)) + 1328.
3, 7
Suppose 147*d - 2157821 + 415289 = 183315. What are the prime factors of d?
3, 11, 397
Let s be ((-9)/6 + 1)*(-90)/9. Suppose n - 104 = -6*z + z, 0 = -s*z + 25. List the prime factors of n.
79
Let h be (-12)/10*20/6. Let a(s) = -75*s - 10. What are the prime factors of a(h)?
2, 5, 29
Let i be 588/(-8)*(-1)/((-6)/(-4)). Let f = -44 + i. Suppose 2*t = -w + 102, 15 = f*t - 5. List the prime factors of w.
2, 47
Let u = -35169 - -61057. What are the prime factors of u?
2, 809
Suppose 11*x - 54120 = -0*x. Suppose x = -855*v + 859*v. List the prime factors of v.
2, 3, 5, 41
Suppose 4*f - 231 + 97 = -x, -f + 2 = 0. Let p = 825 + x. What are the prime factors of p?
3, 317
Let z be (-4)/6 + (-68)/(-12) + -12. What are the prime factors of ((-77)/14)/((z/(-12))/(-7))?
2, 3, 11
Suppose 5*t + 114 = 7*t. Suppose 2*s = -5*v + t, -3*v - 43 = -6*v + s. Suppose v + 7 = 4*q. List the prime factors of q.
5
Let b = 33081 - 15081. List the prime factors of b.
2, 3, 5
Let f = 7 - 13. Let n(s) = 4*s - 2*s**2 + 10*s**2 + 39 - 12*s - 7*s**2 - 44. List the prime factors of n(f).
79
Let k(a) = -337*a - 4295. List the prime factors of k(-37).
2, 61, 67
Let n be (98/(-6))/(1/(-24)). Suppose -12*r + 57*r = 11430. Suppose -3*u + 4*w + n = -0*w, w = -2*u + r. What are the prime factors of u?
2
Let f be (-3)/((63/(-70))/((-3)/(-5))). Suppose 0 = 5*u - f*t - 3177, 1266 = 2*u + 5*t - t. List the prime factors of u.
5, 127
Suppose -8*y - 7*y = -4*y. Suppose -2*m + 7*m = 0, y = -3*s - m + 12. Suppose -4*q + 347 = -s*t + 27, -244 = -3*q + 5*t. List the prime factors of q.
2, 3, 13
Let i be 16/12 + 12/18. Suppose 4*w - 4*m - 672 = 0, 0*w = -4*w - i*m + 642. List the prime factors of w.
163
Let i(m) = m**3 + 6*m**2 + 5*m - 9. Let j be i(-4). Let h(r) = -r**3 + 2*r**2 + 6*r - 8. Let o be h(j). List the prime factors of ((-285)/(15/5))/(o + -2).
5, 19
Let p(n) = 3*n - 16. Let r be p(7). Suppose -4*x - 2*s = -450 - 4, 575 = r*x + 4*s. What are the prime factors of x?
3, 37
Let c be (-96)/(-42) + 2/(-7). Let l(z) = -15 + c*z - z - z**2 + 102. List the prime factors of l(0).
3, 29
Let n be ((-280)/(-49))/((-4)/(-28)). Let v = n - -6. List the prime factors of v.
2, 23
Let t be (-4)/(-1)*11/(11/1040). Suppose -t = -5*b + 2115. What are the prime factors of b?
5, 251
Suppose -7*u + 32*u - 333925 - 188875 = 0. What are the prime factors of u?
2, 1307
Suppose -2*t - 5*v = -28, 8*t - 2*v = 5*t + 42. Suppose -5*c + k - t = 2*k, 0 = c - k + 4. List the prime factors of 103 + 16/12*c.
3, 11
Let k be (-952)/49 + (-4)/7. Let c(y) = -2*y**3 - 40*y**2 - 2*y + 6. What are the prime factors of c(k)?
2, 23
Let n(z) be the third derivative of -z**4/24 - 10*z**2. Let k be n(1). Let p(i) = -20*i**3 + 2*i**2 + i - 1. List the prime factors of p(k).
2, 5
Suppose -2*m - 29 = -3*c - 82, c = -2*m - 7. List the prime factors of ((-1)/(c/190))/((-6)/(-9)).
19
Let r(n) = n**3 - 15*n**2 - 42*n + 63. Suppose 2*d + 4*t = -d + 38, -t = -5*d + 94. List the prime factors of r(d).
3, 31
Suppose 3*g - 32 = 5*g + 4*i, -g + 3*i - 36 = 0. List the prime factors of (2072 - g/6)/2.
2, 3, 173
Let v(z) = -322*z**3 - z - 1. Let i be (2 - (-8)/(-3)) + 5/(-15). Let c be v(i). Let u = 596 - c. List the prime factors of u.
2, 137
Let h be (-4)/22 - (-4)/22. Suppose h = -5*d + 16 + 9. Suppose d*g = -g + 204. What are the prime factors of g?
2, 17
Let v = -314 - -318. Suppose -v*r - 3703 = -3*y, -4*r = 12 - 32. What are the prime factors of y?
17, 73
Let j(m) = m**3 - 2*m**2 - 8*m - 6. Let b be j(5). Suppose b - 8 = 7*t. Suppose -4*d + 86 = n, t*d - 192 = 3*n - 5*n. What are the prime factors of n?
2, 3, 17
List the prime factors of 1416/(-1652) - -68879*(-1)/(-7).
9839
Let z be 6/(-69) + (-26115)/(-115). Let u = 174 + z. List the prime factors of u.
401
What are the prime factors of 4118/(14 - (-162)/(-12))?
2, 29, 71
Let s(x) = 98*x**2 + 50*x - 143. What are the prime factors of s(13)?
13, 101
Let m be (12/(-5) + 12/(-20))*-1. Suppose 2*i = 4, -923 = -m*v + 6*i - i. What are the prime factors of v?
311
Let o = 703 + -1769. Let f = -174 - o. What are the prime factors of f?
2, 223
Let w(k) = 2*k**3 + 4*k**2 + 2 + k - k**3 + 0*k**3 - 5. Let x be w(-2). What are the prime factors of (-12)/x + (-273)/(-7)?
5, 7
Suppose -2*a + 2*k = 88, 0*k = -5*a + 3*k - 218. Let b = 163 + a. Suppose 3*x + l = 386, 2*l - b = -x + 6*l. List the prime factors of x.
2
Suppose -15*o = -6*o + 27. Let t be (117/12)/(o/12). Let s = t + 52. What are the prime factors of s?
13
Suppose -89*x = -93*x + 7232. List the prime factors of x.
2, 113
Suppose -4*d = 9 + 19. Let o(f) = f**3 + 7*f**2 + 2*f + 13. Let c be o(d). What are the prime factors of 270/(-3 + 6)*(c + 2)?
2, 3, 5
Let a(b) = -11*b + 80. Let j be a(7). Suppose p + 5*r - 164 = j*r, -4*p - 3*r = -646. What are the prime factors of p?
2, 5
List the prime factors of (-136)/(-2)*((-65)/(-26) - -1).
2, 7, 17
Let x = -1880 + 929. Let r = -512 - x. List the prime factors of r.
439
Suppose -24*w + 23418 = 2586. Suppose 2*u - 609 = -2*v + 2